{"id":16955,"date":"2021-03-01T11:59:36","date_gmt":"2021-03-01T08:59:36","guid":{"rendered":"https:\/\/vitavia.ee\/kasvuhoone\/toode\/siltumnica-r3-ar-platumu-306-m\/"},"modified":"2023-05-17T11:03:32","modified_gmt":"2023-05-17T08:03:32","slug":"greenhouse-r3-width-306-m","status":"publish","type":"product","link":"https:\/\/vitavia.lv\/kasvuhoone\/toode\/greenhouse-r3-width-306-m\/","title":{"rendered":"Siltumn\u012bca R3 ar platumu 3,06 m"},"content":{"rendered":"<p style=\"text-align: left;\">Pievilc\u012bga, augstas kvalit\u0101tes siltumn\u012bca d\u0101rzkop\u012bbas entuziastiem, kuri uzskata siltumn\u012bcu <strong>ne tikai par praktisku nepiecie\u0161am\u012bbu<\/strong>, bet ar\u012b par <strong>d\u0101rza izdai\u013co\u0161anas un harmoniskas iek\u013cau\u0161an\u0101s veidu<\/strong>.<br \/>\nM\u016bsu <strong>augstas klases siltumn\u012bcas<\/strong> ir ide\u0101li piem\u0113rotas ikvienam d\u0101rzniekam &#8211; gan tiem, kas pl\u0101no audz\u0113t tikai d\u0101rze\u0146us, gan tiem, kas v\u0113las izmantot siltumn\u012bcu k\u0101 atp\u016btas un relaks\u0101cijas vietu.<br \/>\nUn tas viss par <strong>vislab\u0101ko<\/strong> cenas un kvalit\u0101tes attiec\u012bbu!<br \/>\n<strong>R\u0101mja kr\u0101sa:<\/strong> siltumn\u012bca ir pieejama ar alum\u012bnija pel\u0113ku vai pulverkr\u0101sas melnu r\u0101mi. Par papildu samaksu m\u0113s varam nokr\u0101sot siltumn\u012bcas r\u0101mi ar\u012b cit\u0101s RAL kr\u0101s\u0101s.<\/p>\n<p><strong>IZM\u0112RI UN INFORM\u0100CIJA:<\/strong><\/p>\n<ul>\n<li>Klasiska siltumn\u012bca ar 306 cm platumu, pieejama 7 da\u017e\u0101dos garumos vai 7 da\u017e\u0101dos izm\u0113ros.<\/li>\n<li>Vieno durvju izm\u0113ri ir 185 x 68 cm. Siltumn\u012bcu var pas\u016bt\u012bt ar papildu durv\u012bm, veidojot pla\u0161u un pla\u0161u ieeju ar durv\u012bm, kas atveras viena uz otru. Papildu durvis var pas\u016bt\u012bt ar\u012b aizmugur\u0113jai sienai un s\u0101niem, un tad vien\u0101m durv\u012bm ir izm\u0113ri 165 cm x 74 cm.<\/li>\n<li>Lielie jumta logi 84 cm x 73 cm nodro\u0161ina labu gaisa cirkul\u0101ciju. Jumta logu skaits ir atkar\u012bgs no siltumn\u012bcas lieluma. Ja nepiecie\u0161ams, var pas\u016bt\u012bt papildu jumta logus.<\/li>\n<li>Jumta kores augstums, ieskaitot pamatni, ir 259 cm, un s\u0101nu sienas augstums, ieskaitot pamatni, ir 179 cm. Tam ir divas alum\u012bnija lietus \u016bdens caurules.<\/li>\n<li>Siltumn\u012bcai ir 12 gadu r\u016bpn\u012bcas garantija.<\/li>\n<\/ul>\n<p><strong>Siltumn\u012bcu var piestiprin\u0101t tie\u0161i pie zemes ar pamatnes karkasu, pie jebkuras sagatavotas akmens vai koka virsmas un, protams, pie betona vai bloku pamatiem.<\/strong><br \/>\nIztur\u012bgais alum\u012bnija pamatnes r\u0101mis nodro\u0161ina siltumn\u012bcai liel\u0101ku stabilit\u0101ti un atvieglo mont\u0101\u017eu. Pamatnes r\u0101mis ir izgatavots no iztur\u012bga kapara un ir divkameru, kas nodro\u0161ina \u012bpa\u0161i lielu stingr\u012bbu, piem\u0113ram, pret salu. Pamatnes r\u0101mim ir pievienotas enkurviru virves, ko var ierakt zem\u0113 vai izliet mais\u012bjum\u0101. T\u0101d\u0113j\u0101di apak\u0161r\u0101mis var aizst\u0101t ar\u012b atsevi\u0161\u0137u pamatu.<\/p>\n<p>Siltumn\u012bcas <strong>4 mm r\u016bd\u012btais stikls<\/strong> ir l\u012bdz pat 7 reiz\u0113m iztur\u012bg\u0101ks par parasto siltumn\u012bcas stiklu. Tas noz\u012bm\u0113 liel\u0101ku dro\u0161\u012bbu mont\u0101\u017eas un v\u0113l\u0101kas lieto\u0161anas laik\u0101. Ja stikls sapl\u012bst, no t\u0101 neveidojas b\u012bstamas asas \u0161\u0137embas, bet tikai stikla lauskas, l\u012bdz\u012bgi k\u0101 tad, ja sapl\u012bst automa\u0161\u012bnas logs. \u0160\u012b \u0161\u0137elda neboj\u0101 un netrauc\u0113 siltumn\u012bcas augsni.<\/p>\n<p><img loading=\"lazy\" decoding=\"async\" class=\"alignnone size-medium wp-image-10160\" src=\"https:\/\/mwlconstruct.eu\/e-pood\/wp-content\/uploads\/2020\/10\/Tugeva_raamiga_kasvuhoone-300x202.jpg\" alt=\"\" width=\"300\" height=\"202\"><a href=\"https:\/\/mwlconstruct.eu\/e-pood\/wp-content\/uploads\/2020\/10\/ACD-kasvuhooned-ja-aiapaviljonid.jpg\"><img loading=\"lazy\" decoding=\"async\" class=\"alignnone wp-image-10172 size-medium\" src=\"https:\/\/mwlconstruct.eu\/e-pood\/wp-content\/uploads\/2020\/10\/ACD-kasvuhooned-ja-aiapaviljonid-300x225.jpg\" alt=\"\" width=\"300\" height=\"225\"><\/a><\/p>\n<table id=\"customers\">\n<tbody>\n<tr>\n<td class=\"r3ptp\" colspan=\"4\">R3 tipa siltumn\u012bcai ir 7 da\u017e\u0101di garumi:<\/td>\n<\/tr>\n<tr>\n<th>Modelis<\/th>\n<th>Garums<\/th>\n<th>M\u00b2<\/th>\n<th>Ventil\u0101cijas l\u016bka<\/th>\n<\/tr>\n<tr>\n<td>R304H<\/td>\n<td>2,98 m<\/td>\n<td>9,12<\/td>\n<td>1<\/td>\n<\/tr>\n<tr>\n<td>R305H<\/td>\n<td>3,71 m<\/td>\n<td>11,35<\/td>\n<td>1<\/td>\n<\/tr>\n<tr>\n<td>R306H<\/td>\n<td>4,45 m<\/td>\n<td>13,62<\/td>\n<td>2<\/td>\n<\/tr>\n<tr>\n<td>R307H<\/td>\n<td>5,19 m<\/td>\n<td>15,88<\/td>\n<td>2<\/td>\n<\/tr>\n<tr>\n<td>R308H<\/td>\n<td>5,93 m<\/td>\n<td>18,15<\/td>\n<td>4<\/td>\n<\/tr>\n<tr>\n<td>R309H<\/td>\n<td>6,67 m<\/td>\n<td>20,41<\/td>\n<td>4<\/td>\n<\/tr>\n<tr>\n<td>R310H<\/td>\n<td>7,41 m<\/td>\n<td>22,68<\/td>\n<td>6<\/td>\n<\/tr>\n<\/tbody>\n<\/table>\n","protected":false},"excerpt":{"rendered":"<p>Platums 3,06 m x garums 2,98-7,41 m = 9,12-22,68 m\u00b2<\/p>\n","protected":false},"featured_media":24783,"comment_status":"closed","ping_status":"closed","template":"","meta":[],"product_brand":[],"product_cat":[394],"product_tag":[1621,385,386,387,388,1796,389,390,391],"class_list":{"0":"post-16955","1":"product","2":"type-product","3":"status-publish","4":"has-post-thumbnail","6":"product_cat-star","7":"product_tag-rudits-stikls","8":"product_tag-siltumnica","9":"product_tag-siltumnicas","10":"product_tag-siltumnica-lv","11":"product_tag-siltumnica-lv-2","12":"product_tag-sani-no-rudita-stikla-un-jumts-no-rudita-mateta-stikla","13":"product_tag-siltumnicas-lv","14":"product_tag-triiphone-lv","15":"product_tag-triplex-lv","16":"pa_kattematerjal-sani-4-mm-rudits-stikls-un-jumts-4-mm-rudits-matets-stikls","17":"pa_kulje-korgus-179-m-lv","18":"pa_laius-306-m-lv","19":"pa_pikkus-371-m-lv","20":"pa_pikkus-519-m-lv","21":"pa_pikkus-593-m-lv","22":"pa_pikkus-445-m-lv","23":"pa_pikkus-298-m-lv","24":"pa_pikkus-667-m-lv","25":"pa_pikkus-741-m-lv","26":"pa_tipu-korgus-259-m-lv","27":"pa_varv-pulverkrasa-melna-krasa-ral-9005","28":"pa_varv-pulverkrasojums-citas-ral-krasas","29":"pa_varv-standarta-aluminijs","30":"infinite-scroll-item","31":"no-featured-image-padding","32":"sales-flash-overlay","33":"woocommerce-text-align-left","34":"woocommerce-image-align-center","35":"do-quantity-buttons","37":"first","38":"instock","39":"sale","40":"shipping-taxable","41":"purchasable","42":"product-type-variable"},"_links":{"self":[{"href":"https:\/\/vitavia.lv\/kasvuhoone\/wp-json\/wp\/v2\/product\/16955","targetHints":{"allow":["GET"]}}],"collection":[{"href":"https:\/\/vitavia.lv\/kasvuhoone\/wp-json\/wp\/v2\/product"}],"about":[{"href":"https:\/\/vitavia.lv\/kasvuhoone\/wp-json\/wp\/v2\/types\/product"}],"replies":[{"embeddable":true,"href":"https:\/\/vitavia.lv\/kasvuhoone\/wp-json\/wp\/v2\/comments?post=16955"}],"wp:featuredmedia":[{"embeddable":true,"href":"https:\/\/vitavia.lv\/kasvuhoone\/wp-json\/wp\/v2\/media\/24783"}],"wp:attachment":[{"href":"https:\/\/vitavia.lv\/kasvuhoone\/wp-json\/wp\/v2\/media?parent=16955"}],"wp:term":[{"taxonomy":"product_brand","embeddable":true,"href":"https:\/\/vitavia.lv\/kasvuhoone\/wp-json\/wp\/v2\/product_brand?post=16955"},{"taxonomy":"product_cat","embeddable":true,"href":"https:\/\/vitavia.lv\/kasvuhoone\/wp-json\/wp\/v2\/product_cat?post=16955"},{"taxonomy":"product_tag","embeddable":true,"href":"https:\/\/vitavia.lv\/kasvuhoone\/wp-json\/wp\/v2\/product_tag?post=16955"}],"curies":[{"name":"wp","href":"https:\/\/api.w.org\/{rel}","templated":true}]}}