{"id":19250,"date":"2020-04-16T17:26:24","date_gmt":"2023-05-22T13:41:23","guid":{"rendered":"https:\/\/vitavia.ee\/kasvuhoone\/toode\/siltumnica-vitavia-apollo-5000\/"},"modified":"2023-05-22T16:41:23","modified_gmt":"2023-05-22T13:41:23","slug":"siltumnica-vitavia-apollo-5000","status":"publish","type":"product","link":"https:\/\/vitavia.lv\/kasvuhoone\/toode\/siltumnica-vitavia-apollo-5000\/","title":{"rendered":"Siltumn\u012bca Vitavia Apollo 5000"},"content":{"rendered":"<h3><strong>Vitavia APOLLO 5000 &#8211; ide\u0101la maza siltumn\u012bca, kas piem\u0113rota liel\u0101kajai da\u013cai d\u0101rznieku \/ 1,93 mx 2,57 m.<\/strong><\/h3>\n<p>1,93 m plat\u0101 siltumn\u012bca pieejama divos da\u017e\u0101dos garumos.<\/p>\n<p>Siltumn\u012bcai ir vienas b\u012bd\u0101m\u0101s durvis, kuras var uzst\u0101d\u012bt vai nu labaj\u0101, vai kreisaj\u0101 pus\u0113, lai t\u0101s atv\u0113rtu. Atv\u0113rt\u0101s durvis var ar\u012b nostiprin\u0101t da\u017e\u0101d\u0101s poz\u012bcij\u0101s, v\u0113jam nep\u016b\u0161ot siltumn\u012bcas durvis.<\/p>\n<p>Apollo siltumn\u012bc\u0101s ir divi jumta logi. Ja v\u0113laties, varat papildus uzst\u0101d\u012bt autom\u0101tiskos jumta logu atv\u0113r\u0113jus. <\/p>\n<p><strong>Apollo siltumn\u012bcas da\u017e\u0101du mode\u013cu izm\u0113ru tabula:<\/strong><\/p>\n<div class=\"tabel-scroll-x\">\n<table class=\"spec\" border=\"0\">\n<tbody>\n<tr>\n<th style=\"text-align: left;\" width=\"90\">Modelis<\/th>\n<th style=\"text-align: left;\" width=\"72\">Plat\u012bba<\/th>\n<th style=\"text-align: left;\" width=\"72\">Garums<\/th>\n<th style=\"text-align: left;\" width=\"72\">Platums<\/th>\n<th style=\"text-align: left;\" width=\"72\">S\u0101nu<\/th>\n<th style=\"text-align: left;\" width=\"72\">Augstums<\/th>\n<th style=\"text-align: left;\" width=\"50\">Logi<\/th>\n<\/tr>\n<td>Apollo 5000<\/td>\n<td>5<sup>.0m2<\/sup><\/td>\n<td>2.57m<\/td>\n<td>1.93m<\/td>\n<td>1,36 m<\/td>\n<td>2,07 m<\/td>\n<td>1<\/td>\n<\/tr>\n<tr>\n<td>Apollo 6200<\/td>\n<td>6<sup>.2m2<\/sup><\/td>\n<td>3.21m<\/td>\n<td>1.93m<\/td>\n<td>1,36 m<\/td>\n<td>2,07 m<\/td>\n<td>2<\/td>\n<\/tr>\n<\/tbody>\n<\/table>\n<\/div>\n<p><em>&#8211; pel\u0113ka un melna k\u0101 kr\u0101su opcijas<br \/>\n&#8211; k\u0101 v\u0101ku varat izv\u0113l\u0113ties 3 mm stiklu<br \/>\n&#8211; priek\u0161\u0113j\u0101s b\u012bd\u0101m\u0101s durvis<br \/>\n&#8211; 2 jumta logi<br \/>\n&#8211; visu mode\u013cu b\u0101zes r\u0101mis<\/em><\/p>\n<p>R\u0101mis ir izgatavots no anod\u0113ta alum\u012bnija (kas pie\u0161\u0137ir alum\u012bnijam ilgm\u016b\u017e\u012bgu, skaistu izskatu un iztur\u012bbu), un tas ir pieejams ar\u012b pulverkr\u0101sojuma kr\u0101sojum\u0101.<\/p>\n<p>Var pas\u016bt\u012bt da\u017e\u0101dus papildu piederumus: logu, apak\u0161\u0113jo ventil\u0101cijas l\u016bkas atveri, autom\u0101tisko logu atv\u0113r\u0161anas meh\u0101nismu, pamatnes r\u0101mi, iek\u0161\u0113jos plauktus u. c.<\/p>\n<h4><strong><a href=\"https:\/\/vitavia.ee\/kasvuhoone\/tootekategooria\/kasvuhoone-lisavarustus\/\" target=\"_blank\" rel=\"noopener noreferrer\">Skat\u012bt piederumus<\/a><\/strong><\/h4>\n<p><em>Fonds noteikti nav nepiecie\u0161ams, bet ir v\u0113lams.<br \/>\nJa siltumn\u012bcai ir pamatne, to var piestiprin\u0101t pie z\u0101les vai jebkuras citas sagatavotas virsmas.<br \/>\nPreces cen\u0101 ir iek\u013cauts b\u0101zes r\u0101mis.<\/em><\/p>\n<h3><a href=\"https:\/\/youtu.be\/-4zXyeMetnM\" target=\"_blank\" rel=\"noopener noreferrer\">Vitavia demonstr\u0101cijas video  <\/a><\/h3>\n","protected":false},"excerpt":{"rendered":"<p><span title=\"Skat\u012bt visus izm\u0113rus zem\u0101k redzamaj\u0101 tabul\u0101\">1,93&nbsp;m x 2,57&nbsp;m = 5,0&nbsp;m\u00b2<\/span><br \/>\n<span><a href=\"https:\/\/vitavia.ee\/kasvuhoone\/wp-content\/uploads\/2020\/04\/Kasvuhoone-Vitavia-Apollo-2500-5000-Paigaldusjuhend-061.01.1410.pdf#page=12\" class=\"alus_rm\" target=\"blanc\" rel=\"noopener\"><span class=\"alus_rm_bold\">NB!<\/span> Siltumn\u012bcas pamatnes r\u0101mja \u0101r\u0113jos izm\u0113rus skatiet \u0161eit<\/a><\/span><br \/>\n<span style=\"color: #f5bd2f;\"><strong>Ikm\u0113ne\u0161a maks\u0101jums al. 70,42 \u20ac<\/strong><\/span><\/p>\n","protected":false},"featured_media":15498,"comment_status":"open","ping_status":"closed","template":"","meta":[],"product_brand":[],"product_cat":[495],"product_tag":[1622,542,385,386,387,388,389,472],"class_list":{"0":"post-19250","1":"product","2":"type-product","3":"status-publish","4":"has-post-thumbnail","6":"product_cat-apollo-lv","7":"product_tag-stikls","8":"product_tag-apollo-lv","9":"product_tag-siltumnica","10":"product_tag-siltumnicas","11":"product_tag-siltumnica-lv","12":"product_tag-siltumnica-lv-2","13":"product_tag-siltumnicas-lv","14":"product_tag-vitavia-lv","15":"pa_kattematerjal-stikls","16":"pa_kulje-korgus-136-m-lv","17":"pa_laius-193-m-lv","18":"pa_pikkus-321-m-lv","19":"pa_pindala-62-m2-lv","20":"pa_pindala_vahemik-5-9-m-lv","21":"pa_tipu-korgus-209-m-lv","22":"pa_varv-melns","23":"infinite-scroll-item","24":"no-featured-image-padding","25":"sales-flash-overlay","26":"woocommerce-text-align-left","27":"woocommerce-image-align-center","28":"do-quantity-buttons","30":"first","31":"instock","32":"shipping-taxable","33":"purchasable","34":"product-type-variable","35":"has-default-attributes"},"_links":{"self":[{"href":"https:\/\/vitavia.lv\/kasvuhoone\/wp-json\/wp\/v2\/product\/19250","targetHints":{"allow":["GET"]}}],"collection":[{"href":"https:\/\/vitavia.lv\/kasvuhoone\/wp-json\/wp\/v2\/product"}],"about":[{"href":"https:\/\/vitavia.lv\/kasvuhoone\/wp-json\/wp\/v2\/types\/product"}],"replies":[{"embeddable":true,"href":"https:\/\/vitavia.lv\/kasvuhoone\/wp-json\/wp\/v2\/comments?post=19250"}],"wp:featuredmedia":[{"embeddable":true,"href":"https:\/\/vitavia.lv\/kasvuhoone\/wp-json\/wp\/v2\/media\/15498"}],"wp:attachment":[{"href":"https:\/\/vitavia.lv\/kasvuhoone\/wp-json\/wp\/v2\/media?parent=19250"}],"wp:term":[{"taxonomy":"product_brand","embeddable":true,"href":"https:\/\/vitavia.lv\/kasvuhoone\/wp-json\/wp\/v2\/product_brand?post=19250"},{"taxonomy":"product_cat","embeddable":true,"href":"https:\/\/vitavia.lv\/kasvuhoone\/wp-json\/wp\/v2\/product_cat?post=19250"},{"taxonomy":"product_tag","embeddable":true,"href":"https:\/\/vitavia.lv\/kasvuhoone\/wp-json\/wp\/v2\/product_tag?post=19250"}],"curies":[{"name":"wp","href":"https:\/\/api.w.org\/{rel}","templated":true}]}}