{"id":19337,"date":"2023-01-11T14:31:29","date_gmt":"2023-05-22T15:48:19","guid":{"rendered":"https:\/\/vitavia.ee\/kasvuhoone\/toode\/siltumnica-vitavia-fortuna\/"},"modified":"2023-05-22T18:48:19","modified_gmt":"2023-05-22T15:48:19","slug":"siltumnica-vitavia-fortuna","status":"publish","type":"product","link":"https:\/\/vitavia.lv\/kasvuhoone\/toode\/siltumnica-vitavia-fortuna\/","title":{"rendered":"Siltumn\u012bca Vitavia Fortuna"},"content":{"rendered":"<h3><strong>Siltumn\u012bca &#8211; Vitavia FORTUNA \/ siltumn\u012bca ar div\u0101m veram\u0101m durv\u012bm \/ 3,21 mx 3,21 m.<\/strong><\/h3>\n<p>Siltumn\u012bca vai d\u0101rza paviljons, kas piem\u0113rots ar\u012b ziemas d\u0101rzam.<br \/>\nPla\u0161as un sl\u0113dzamas veramas durvis nodro\u0161ina pla\u0161u un \u0113rtu ieeju.<br \/>\nSp\u0113c\u012bgais anod\u0113ta alum\u012bnija r\u0101mis un pla\u0161ie 3 mm biezie r\u016bd\u012bta stikla s\u0101nu pane\u013ci padara to \u013coti spilgtu.<br \/>\nSiltumn\u012bc\u0101 ar augst\u0101m mal\u0101m un jumtu var piecelties vis\u0101 siltumn\u012bcas garum\u0101.<br \/>\nFortunai ir 3 s\u0101nu logi un notekcaurules visos 4 st\u016bros. Jumta apak\u0161\u0101 ir notekcaurule.atv\u0113r\u0113ji. <\/p>\n<p><strong>Fortuna siltumn\u012bcas da\u017e\u0101du mode\u013cu izm\u0113ru tabula:<\/strong><\/p>\n<div class=\"tabel-scroll-x\">\n<table class=\"spec\" border=\"0\">\n<tbody>\n<tr>\n<th style=\"text-align: left;\" width=\"90\">Modelis<\/th>\n<th style=\"text-align: left;\" width=\"72\">Plat\u012bba<\/th>\n<th style=\"text-align: left;\" width=\"72\">Garums<\/th>\n<th style=\"text-align: left;\" width=\"72\">Platums<\/th>\n<th style=\"text-align: left;\" width=\"72\">S\u0101nu<\/th>\n<th style=\"text-align: left;\" width=\"72\">Augstums<\/th>\n<th style=\"text-align: left;\" width=\"50\">Logi<\/th>\n<\/tr>\n<td>Fortuna<\/td>\n<td><sup>10,2m2<\/sup><\/td>\n<td>3.21m<\/td>\n<td>3.21m<\/td>\n<td>1,88 m<\/td>\n<td>2,65 m<\/td>\n<td>3<\/td>\n<\/tr>\n<\/tbody>\n<\/table>\n<\/div>\n<p><em>&#8211; melns k\u0101 kr\u0101su opcija<br \/>\n&#8211; 3 mm pilna pane\u013ca r\u016bd\u012bts stikls s\u0101nos k\u0101 v\u0101ks. 10 mm polikarbon\u0101ts uz jumta.<br \/>\n&#8211; Priek\u0161\u0101 2 veramas durvis<br \/>\n&#8211; 3 s\u0101nu logi<br \/>\n&#8211; visu mode\u013cu b\u0101zes r\u0101mis<\/em><\/p>\n<p>R\u0101mis ir izgatavots no alum\u012bnija ar pulverkr\u0101sas p\u0101rkl\u0101jumu meln\u0101 kr\u0101s\u0101.<\/p>\n<p>Iesp\u0113jams pas\u016bt\u012bt da\u017e\u0101dus aksesu\u0101rus: iek\u0161\u0113jos plauktus, termometrus u.c.<\/p>\n<h4><strong><a href=\"https:\/\/vitavia.ee\/kasvuhoone\/tootekategooria\/kasvuhoone-lisavarustus\/\" target=\"_blank\" rel=\"noopener noreferrer\">Skat\u012bt piederumus<\/a><\/strong><\/h4>\n<p><em>Fortuna uzst\u0101d\u012b\u0161anai nepiecie\u0161ams vai nu pamats, vai ar\u012b iepriek\u0161 sagatavota akmens virsma\/koka terase.<br \/>\nSiltumn\u012bcai ir pamatnes karkass ar kuru var piestiprin\u0101t vai nu pie pamatiem, vai pie koka terases\/akmens virsmas.<br \/>\nPreces cen\u0101 iek\u013cauts b\u0101zes r\u0101mis bez k\u0101j\u0101m.<\/em><\/p>\n<h3><a href=\"https:\/\/youtu.be\/-4zXyeMetnM\" target=\"_blank\" rel=\"noopener noreferrer\">Vitavia demonstr\u0101cijas video  <\/a><\/h3>\n","protected":false},"excerpt":{"rendered":"<p><span title=\"Skat\u012bt visus izm\u0113rus zem\u0101k redzamaj\u0101 tabul\u0101\">3,21&nbsp;m x 3,21&nbsp;m = 10,2&nbsp;m\u00b2<\/span><br \/>\n<span style=\"color: #f5bd2f;\"><strong>Ikm\u0113ne\u0161a maks\u0101jums al. 465 eiro<\/strong><\/span><\/p>\n","protected":false},"featured_media":15284,"comment_status":"open","ping_status":"closed","template":"","meta":[],"product_brand":[],"product_cat":[1232],"product_tag":[1653,385,386,387,388,1404,389,1621,472],"class_list":{"0":"post-19337","1":"product","2":"type-product","3":"status-publish","4":"has-post-thumbnail","6":"product_cat-fortuna-lv","7":"product_tag-sani-no-rudita-stikla-un-jumts-no-polikarbonata","8":"product_tag-siltumnica","9":"product_tag-siltumnicas","10":"product_tag-siltumnica-lv","11":"product_tag-siltumnica-lv-2","12":"product_tag-fortuna-lv","13":"product_tag-siltumnicas-lv","14":"product_tag-rudits-stikls","15":"product_tag-vitavia-lv","16":"pa_kattematerjal-jumts-10-mm-polikarbonats-sani-3-mm-rudits-stikls","17":"pa_kulje-korgus-188-m-lv","18":"pa_laius-314-m-lv","19":"pa_pikkus-314-m-lv","20":"pa_pindala-102-m-lv","21":"pa_pindala_vahemik-9-12-m-lv","22":"pa_tipu-korgus-265-m-lv","23":"pa_varv-melns","24":"infinite-scroll-item","25":"no-featured-image-padding","26":"sales-flash-overlay","27":"woocommerce-text-align-left","28":"woocommerce-image-align-center","29":"do-quantity-buttons","31":"first","32":"instock","33":"sale","34":"shipping-taxable","35":"purchasable","36":"product-type-variable","37":"has-default-attributes"},"_links":{"self":[{"href":"https:\/\/vitavia.lv\/kasvuhoone\/wp-json\/wp\/v2\/product\/19337","targetHints":{"allow":["GET"]}}],"collection":[{"href":"https:\/\/vitavia.lv\/kasvuhoone\/wp-json\/wp\/v2\/product"}],"about":[{"href":"https:\/\/vitavia.lv\/kasvuhoone\/wp-json\/wp\/v2\/types\/product"}],"replies":[{"embeddable":true,"href":"https:\/\/vitavia.lv\/kasvuhoone\/wp-json\/wp\/v2\/comments?post=19337"}],"wp:featuredmedia":[{"embeddable":true,"href":"https:\/\/vitavia.lv\/kasvuhoone\/wp-json\/wp\/v2\/media\/15284"}],"wp:attachment":[{"href":"https:\/\/vitavia.lv\/kasvuhoone\/wp-json\/wp\/v2\/media?parent=19337"}],"wp:term":[{"taxonomy":"product_brand","embeddable":true,"href":"https:\/\/vitavia.lv\/kasvuhoone\/wp-json\/wp\/v2\/product_brand?post=19337"},{"taxonomy":"product_cat","embeddable":true,"href":"https:\/\/vitavia.lv\/kasvuhoone\/wp-json\/wp\/v2\/product_cat?post=19337"},{"taxonomy":"product_tag","embeddable":true,"href":"https:\/\/vitavia.lv\/kasvuhoone\/wp-json\/wp\/v2\/product_tag?post=19337"}],"curies":[{"name":"wp","href":"https:\/\/api.w.org\/{rel}","templated":true}]}}