{"id":20214,"date":"2017-09-15T12:40:22","date_gmt":"2017-09-15T12:40:22","guid":{"rendered":"https:\/\/vitavia.ee\/kasvuhoone\/toode\/siltumnica-vitavia-freya-7600\/"},"modified":"2023-05-25T08:49:21","modified_gmt":"2023-05-25T05:49:21","slug":"siltumnica-vitavia-freya-6700","status":"publish","type":"product","link":"https:\/\/vitavia.lv\/kasvuhoone\/toode\/siltumnica-vitavia-freya-6700\/","title":{"rendered":"Siltumn\u012bca Vitavia Freya 7600"},"content":{"rendered":"<h3><strong>Neatkar\u012bga siltumn\u012bca &#8211; Vitavia FREYA \/ siltumn\u012bca ar div\u0101m b\u012bd\u0101m\u0101m durv\u012bm \/ 2,54 mx 2,54 m.<\/strong><\/h3>\n<p>Pa\u0161b\u016bv\u0113ta siltumn\u012bca ar sl\u012bpo jumtu.<br \/>\nPla\u0161as durvis, kas atveras viena pret\u012b otrai, nodro\u0161ina pla\u0161u un \u0113rtu ieeju.<br \/>\nSp\u0113c\u012bgs alum\u012bnija r\u0101mis un pla\u0161as stikla virsmas, kas padara to \u013coti spilgtu.<br \/>\nSiltumn\u012bca ar augstu sl\u012bpo jumtu, ar sp\u0113c\u012bgu anod\u0113ta alum\u012bnija r\u0101mi.<br \/>\nSiltumn\u012bcai Freya ir 2 s\u0101nu logi plus 1 ventil\u0101cijas l\u016bka virs durv\u012bm un 2 pret\u012b atveramas b\u012bd\u0101m\u0101s durvis.<\/p>\n<p><strong>Da\u017e\u0101du Afrod\u012btes siltumn\u012bcu mode\u013cu izm\u0113ru tabula:<\/strong><\/p>\n<div class=\"tabel-scroll-x\">\n<table class=\"spec\" border=\"0\">\n<tbody>\n<tr>\n<th style=\"text-align: left;\" width=\"90\">Modelis<\/th>\n<th style=\"text-align: left;\" width=\"72\">Plat\u012bba<\/th>\n<th style=\"text-align: left;\" width=\"72\">Dzi\u013cums<\/th>\n<th style=\"text-align: left;\" width=\"72\">Platums<\/th>\n<th style=\"text-align: left;\" width=\"72\">Aizmugur\u0113j\u0101 puse<\/th>\n<th style=\"text-align: left;\" width=\"72\">Augstums priek\u0161\u0101<\/th>\n<th style=\"text-align: left;\" width=\"50\">Logi<\/th>\n<\/tr>\n<tr>\n<td>Freija 7600<\/td>\n<td><sup>7,6m2<\/sup><\/td>\n<td>2,54 m<\/td>\n<td>2,54 m<\/td>\n<td>1,69 m<\/td>\n<td>2,40 m<\/td>\n<td>2 +1<\/td>\n<\/tr>\n<tr>\n<td><\/td>\n<td><\/td>\n<td><\/td>\n<td><\/td>\n<td><\/td>\n<td><\/td>\n<td><\/td>\n<\/tr>\n<\/tbody>\n<\/table>\n<\/div>\n<p><em>&#8211; Pel\u0113ka k\u0101 kr\u0101su opcija<\/em><br \/>\n <em>&#8211; 3 mm r\u016bd\u012bts stikls s\u0101nos un 6 mm polikarbon\u0101ts uz jumta<\/em><br \/>\n <em>&#8211; 2 pret\u012b atveramas sl\u0113dzamas b\u012bd\u0101m\u0101s durvis<\/em><br \/>\n <em>&#8211; Durvju ailes izm\u0113rs ir<\/em> <em>1,19 m x 1,77 m<\/em><br \/>\n <em>&#8211; 3 s\u0101nu logi un 2 logi virs durv\u012bm<\/em><br \/>\n <em>&#8211; Sl\u0113dzama, ner\u016bs\u0113jo\u0161\u0101 t\u0113rauda sl\u0113dzene<\/em><br \/>\n<em>&#8211; Lietus \u016bdens caurules st\u016bros<br \/>\n&#8211; Visiem mode\u013ciem ir pamata r\u0101mis<br \/>\n<\/em><\/p>\n<p>R\u0101mis ir izgatavots no anod\u0113ta alum\u012bnija (nodro\u0161ina ilgsto\u0161u skaistu alum\u012bnija izskatu un iztur\u012bbu).<\/p>\n<p>Iesp\u0113jams pas\u016bt\u012bt da\u017e\u0101dus aksesu\u0101rus: iek\u0161\u0113jos plauktus u.c.<\/p>\n<p><em>Fonds noteikti nav nepiecie\u0161ams, bet ir v\u0113lams.<br \/>\nJa siltumn\u012bcai ir pamatne, to var piestiprin\u0101t pie z\u0101les vai jebkuras citas sagatavotas virsmas.<br \/>\nPreces cen\u0101 ir iek\u013cauts b\u0101zes r\u0101mis.<\/em><\/p>\n<h3><a href=\"https:\/\/youtu.be\/XiwDf_kw8oc\" target=\"_blank\" rel=\"noopener noreferrer\">Vitavia demonstr\u0101cijas video  <\/a><\/h3>\n<p><a href=\"https:\/\/www.pinterest.com\/mwlconstruct\/kasvuhoone\/\">Pinterest<\/a><br \/>\n<a href=\"http:\/\/www.vitavia.ee\/\" rel=\"nofollow\">Vitavia<\/a><\/p>\n","protected":false},"excerpt":{"rendered":"<p><span title=\"Skat\u012bt visus izm\u0113rus zem\u0101k redzamaj\u0101 tabul\u0101\">2,54&nbsp;m x 2,54&nbsp;m = 6,7&nbsp;m\u00b2<\/span><br \/>\n<span style=\"color: #f5bd2f;\"><strong>Ikm\u0113ne\u0161a maks\u0101jums al. 102,92 eiro<\/strong><\/span><\/p>\n","protected":false},"featured_media":13725,"comment_status":"closed","ping_status":"closed","template":"","meta":[],"product_brand":[],"product_cat":[497],"product_tag":[1621,1653],"class_list":{"0":"post-20214","1":"product","2":"type-product","3":"status-publish","4":"has-post-thumbnail","6":"product_cat-freya-lv","7":"product_tag-rudits-stikls","8":"product_tag-sani-no-rudita-stikla-un-jumts-no-polikarbonata","9":"pa_kattematerjal-jumts-6-mm-polikarbonata-sani-3-mm-stikls","10":"pa_kulje-korgus-169-m-lv","11":"pa_laius-254-m-lv","12":"pa_pikkus-254-m-lv","13":"pa_pindala-76-m2-lv","14":"pa_pindala_vahemik-5-9-m-lv","15":"pa_tipu-korgus-24-m-lv","16":"pa_varv-melns","17":"infinite-scroll-item","18":"no-featured-image-padding","19":"sales-flash-overlay","20":"woocommerce-text-align-left","21":"woocommerce-image-align-center","22":"do-quantity-buttons","24":"first","25":"instock","26":"shipping-taxable","27":"purchasable","28":"product-type-variable","29":"has-default-attributes"},"_links":{"self":[{"href":"https:\/\/vitavia.lv\/kasvuhoone\/wp-json\/wp\/v2\/product\/20214","targetHints":{"allow":["GET"]}}],"collection":[{"href":"https:\/\/vitavia.lv\/kasvuhoone\/wp-json\/wp\/v2\/product"}],"about":[{"href":"https:\/\/vitavia.lv\/kasvuhoone\/wp-json\/wp\/v2\/types\/product"}],"replies":[{"embeddable":true,"href":"https:\/\/vitavia.lv\/kasvuhoone\/wp-json\/wp\/v2\/comments?post=20214"}],"wp:featuredmedia":[{"embeddable":true,"href":"https:\/\/vitavia.lv\/kasvuhoone\/wp-json\/wp\/v2\/media\/13725"}],"wp:attachment":[{"href":"https:\/\/vitavia.lv\/kasvuhoone\/wp-json\/wp\/v2\/media?parent=20214"}],"wp:term":[{"taxonomy":"product_brand","embeddable":true,"href":"https:\/\/vitavia.lv\/kasvuhoone\/wp-json\/wp\/v2\/product_brand?post=20214"},{"taxonomy":"product_cat","embeddable":true,"href":"https:\/\/vitavia.lv\/kasvuhoone\/wp-json\/wp\/v2\/product_cat?post=20214"},{"taxonomy":"product_tag","embeddable":true,"href":"https:\/\/vitavia.lv\/kasvuhoone\/wp-json\/wp\/v2\/product_tag?post=20214"}],"curies":[{"name":"wp","href":"https:\/\/api.w.org\/{rel}","templated":true}]}}