{"id":28887,"date":"2025-01-13T14:39:57","date_gmt":"2025-01-13T11:39:57","guid":{"rendered":"https:\/\/vitavia.ee\/kasvuhoone\/?post_type=product&#038;p=28887"},"modified":"2025-02-11T20:57:30","modified_gmt":"2025-02-11T17:57:30","slug":"sienas-siltumnica-vitavia-ida-6500-kopeeri","status":"publish","type":"product","link":"https:\/\/vitavia.lv\/kasvuhoone\/toode\/sienas-siltumnica-vitavia-ida-6500-kopeeri\/","title":{"rendered":"Sienas siltumn\u012bca Vitavia Ida 6500 outlet"},"content":{"rendered":"<h3><strong>Vitavia IDA &#8211; pie sienas stiprin\u0101ma siltumn\u012bca ar div\u0101m b\u012bd\u0101m\u0101m durv\u012bm \/ 2,01 mx 3,24 m.<\/strong><\/h3>\n<p>Pie sienas stiprin\u0101ma siltumn\u012bca ir ide\u0101li piem\u0113rota tiem, kam ir maz\u0101k vietas.<\/p>\n<p>Maz\u0101kus mode\u013cus var novietot pat uz balkona vai verandas, \u013caujot r\u016bp\u0113ties par augiem pat pils\u0113tas dz\u012bvok\u013cos.<br \/>\n Maz\u0101kos d\u0101rzos siltumn\u012bcu var vienk\u0101r\u0161i novietot pie m\u0101jas sienas un tai nav nepiecie\u0161ama liela plat\u012bba.<br \/>\n Liel\u0101ki mode\u013ci ir labi piem\u0113roti maz\u0101kiem d\u0101rziem, k\u0101 ar\u012b vienk\u0101r\u0161i sienas vietas izmanto\u0161anai lab\u0101 saulain\u0101 viet\u0101.<\/p>\n<p>Sienas mode\u013ci ir pieejami se\u0161os da\u017e\u0101dos izm\u0113ros.<\/p>\n<p>Visiem mode\u013ciem atkar\u012bb\u0101 no izm\u0113ra ir 1 l\u012bdz 2 jumta logi un 1 vai 2 b\u012bd\u0101m\u0101s durvis.<\/p>\n<p><strong>Izm\u0113ru tabula da\u017e\u0101diem Ida siltumn\u012bcas mode\u013ciem:<\/strong><\/p>\n<div class=\"tabel-scroll-x\">\n<table class=\"spec\" border=\"0\">\n<tbody>\n<tr>\n<th style=\"text-align: left;\" width=\"90\">Modelis<\/th>\n<th style=\"text-align: left;\" width=\"72\">Plat\u012bba<\/th>\n<th style=\"text-align: left;\" width=\"72\">Garums<\/th>\n<th style=\"text-align: left;\" width=\"72\">Platums<\/th>\n<th style=\"text-align: left;\" width=\"72\">S\u0101nu<\/th>\n<th style=\"text-align: left;\" width=\"72\">Augstums<\/th>\n<th style=\"text-align: left;\" width=\"50\">Logi<\/th>\n<\/tr>\n<tr>\n<td>Ida&nbsp;900<\/td>\n<td>0,9 m\u00b2<\/td>\n<td>1.32m<\/td>\n<td>0.69m<\/td>\n<td>1.52m<\/td>\n<td>1.84m<\/td>\n<td>1<\/td>\n<\/tr>\n<tr>\n<td>Ida 1300<\/td>\n<td>1,34 m\u00b2<\/td>\n<td>1.94m<\/td>\n<td>0.69m<\/td>\n<td>1.52m<\/td>\n<td>1.84m<\/td>\n<td>1<\/td>\n<\/tr>\n<tr>\n<td>Ida 3300<\/td>\n<td>3,3&nbsp;m\u00b2<\/td>\n<td>2.57m<\/td>\n<td>1.3m<\/td>\n<td>1.65m<\/td>\n<td>2.22m<\/td>\n<td>1<\/td>\n<\/tr>\n<tr>\n<td>Ida 5200<\/td>\n<td>5,2&nbsp;m\u00b2<\/td>\n<td>2.62m<\/td>\n<td>2.01m<\/td>\n<td>1.69m<\/td>\n<td>2.21m<\/td>\n<td>1<\/td>\n<\/tr>\n<tr>\n<td>Ida 6500<\/td>\n<td>6,5&nbsp;m\u00b2<\/td>\n<td>3.24m<\/td>\n<td>2.01m<\/td>\n<td>1.69m<\/td>\n<td>2.21m<\/td>\n<td>2<\/td>\n<\/tr>\n<tr>\n<td>Ida&nbsp;7800<\/td>\n<td>7,8&nbsp;m\u00b2<\/td>\n<td>3.87m<\/td>\n<td>2.01m<\/td>\n<td>1.69m<\/td>\n<td>2.21m<\/td>\n<td>2<\/td>\n<\/tr>\n<\/tbody>\n<\/table>\n<\/div>\n<p><em>&#8211; Kr\u0101su opcijas ietver pel\u0113ku un pulverkr\u0101sotu melnu<br \/>\n &#8211; Papildu p\u0101rsegs: 3 mm stikls s\u0101nos + 6 mm polikarbon\u0101ta jumts<br \/>\n &#8211; 2 b\u012bd\u0101m\u0101s durvis priek\u0161\u0101<br \/>\n &#8211; 1 l\u012bdz 2 jumta logi<br \/>\n &#8211; Visi mode\u013ci ir pieejami ar b\u0101zes r\u0101mi ar k\u0101j\u0101m<br \/>\n<\/em><\/p>\n<p>R\u0101mis ir izgatavots no anod\u0113ta alum\u012bnija (nodro\u0161inot ilgsto\u0161u skaistu alum\u012bnija izskatu un iztur\u012bbu) un ir pieejams ar\u012b pulvera p\u0101rkl\u0101jum\u0101.<\/p>\n<p>Var pas\u016bt\u012bt da\u017e\u0101dus papildu piederumus: logu, apak\u0161\u0113jo ventil\u0101cijas l\u016bkas atveri, autom\u0101tisko logu atv\u0113r\u0161anas meh\u0101nismu, pamatnes r\u0101mi, iek\u0161\u0113jos plauktus u. c.<\/p>\n<p><strong><a href=\"http:\/\/mwlconstruct.eu\/e-pood\/tootekategooria\/kasvuhoone-lisavarustus\/\" target=\"_blank\" rel=\"noopener noreferrer\">Skat\u012bt piederumus<\/a><\/strong><\/p>\n<p><em>Ton\u0101lais kr\u0113ms nav oblig\u0101ti nepiecie\u0161ams, bet ieteicams.<br \/>\n Ja siltumn\u012bcai ir pamatnes karkass, to var piestiprin\u0101t tie\u0161i pie zemes vai uz citas sagatavotas virsmas (koka kl\u0101ja vai akmens virsmas).<br \/>\n Preces cen\u0101 nav iek\u013cauts b\u0101zes r\u0101mis.<\/em><\/p>\n<h3><a href=\"https:\/\/youtu.be\/-4zXyeMetnM\" target=\"_blank\" rel=\"noopener noreferrer\">Vitavia demonstr\u0101cijas video  <\/a><\/h3>\n<h3><a href=\"https:\/\/youtu.be\/Lfgc5DIekdY\" target=\"_blank\" rel=\"noopener noreferrer\">Sienas siltumn\u012bcas demonstr\u0101cijas video<\/a><\/h3>\n","protected":false},"excerpt":{"rendered":"<p><span title=\"Skat\u012bt visus izm\u0113rus zem\u0101k redzamaj\u0101 tabul\u0101\">2,01&nbsp;m x 3,24&nbsp;m = 6,5&nbsp;m\u00b2<\/span><br \/>\n <a class=\"alus_rm\" href=\"https:\/\/vitavia.ee\/wp-content\/uploads\/2017\/12\/Kasvuhoone-Ida-5200-6500-7800-paigaldusjuhend.pdf#page=14\" target=\"blanc\" rel=\"noopener\"><span class=\"alus_rm_bold\">NB!<\/span> Siltumn\u012bcas pamatnes r\u0101mja \u0101r\u0113jos izm\u0113rus skat\u012bt \u0161eit.<\/a><br \/>\n <span style=\"color: #f5bd2f;\"><strong>Ikm\u0113ne\u0161a maks\u0101jums s\u0101kot. 95,83 eiro<\/strong><\/span><\/p>\n","protected":false},"featured_media":21004,"comment_status":"closed","ping_status":"closed","template":"","meta":[],"product_brand":[],"product_cat":[1633],"product_tag":[1634,385,386,1082,387,472,550],"class_list":{"0":"post-28887","1":"product","2":"type-product","3":"status-publish","4":"has-post-thumbnail","6":"product_cat-siltumnicas-outlet","7":"product_tag-izvads","8":"product_tag-siltumnica","9":"product_tag-siltumnicas","10":"product_tag-pie-sienas-stiprinama-siltumnica","11":"product_tag-siltumnica-lv","12":"product_tag-vitavia-lv","13":"product_tag-ida-lv","14":"pa_kattematerjal-jumts-6-mm-polikarbonata-sani-3-mm-stikls","15":"pa_kattematerjal-sani-3-mm-stikls-un-jumts-6-mm-polikarbonats","16":"pa_kulje-korgus-169-m-lv","17":"pa_laius-200-m-lv","18":"pa_pikkus-324-m-lv","19":"pa_pindala-65-m2-lv","20":"pa_pindala_vahemik-5-9-m-lv","21":"pa_tipu-korgus-221-m-lv","22":"pa_varv-zale","23":"infinite-scroll-item","24":"no-featured-image-padding","25":"sales-flash-overlay","26":"woocommerce-text-align-left","27":"woocommerce-image-align-center","28":"do-quantity-buttons","30":"first","31":"instock","32":"sale","33":"shipping-taxable","34":"purchasable","35":"product-type-variable","36":"has-default-attributes"},"_links":{"self":[{"href":"https:\/\/vitavia.lv\/kasvuhoone\/wp-json\/wp\/v2\/product\/28887","targetHints":{"allow":["GET"]}}],"collection":[{"href":"https:\/\/vitavia.lv\/kasvuhoone\/wp-json\/wp\/v2\/product"}],"about":[{"href":"https:\/\/vitavia.lv\/kasvuhoone\/wp-json\/wp\/v2\/types\/product"}],"replies":[{"embeddable":true,"href":"https:\/\/vitavia.lv\/kasvuhoone\/wp-json\/wp\/v2\/comments?post=28887"}],"wp:featuredmedia":[{"embeddable":true,"href":"https:\/\/vitavia.lv\/kasvuhoone\/wp-json\/wp\/v2\/media\/21004"}],"wp:attachment":[{"href":"https:\/\/vitavia.lv\/kasvuhoone\/wp-json\/wp\/v2\/media?parent=28887"}],"wp:term":[{"taxonomy":"product_brand","embeddable":true,"href":"https:\/\/vitavia.lv\/kasvuhoone\/wp-json\/wp\/v2\/product_brand?post=28887"},{"taxonomy":"product_cat","embeddable":true,"href":"https:\/\/vitavia.lv\/kasvuhoone\/wp-json\/wp\/v2\/product_cat?post=28887"},{"taxonomy":"product_tag","embeddable":true,"href":"https:\/\/vitavia.lv\/kasvuhoone\/wp-json\/wp\/v2\/product_tag?post=28887"}],"curies":[{"name":"wp","href":"https:\/\/api.w.org\/{rel}","templated":true}]}}