{"id":31156,"date":"2025-06-09T18:15:57","date_gmt":"2025-06-09T15:15:57","guid":{"rendered":"https:\/\/vitavia.ee\/kasvuhoone\/toode\/siltumnicas-enojuma-aizkari\/"},"modified":"2025-08-04T15:27:12","modified_gmt":"2025-08-04T12:27:12","slug":"siltumnicas-enojuma-aizkari","status":"publish","type":"product","link":"https:\/\/vitavia.lv\/kasvuhoone\/toode\/siltumnicas-enojuma-aizkari\/","title":{"rendered":"Siltumn\u012bcas \u0113nojuma aizkari"},"content":{"rendered":"<h4><strong>\u0112nas aizkars augu aizsardz\u012bbai siltumn\u012bcas s\u0101nos vai jumta pus\u0113 + s\u0101nos.<\/strong><\/h4>\n<p>Pievilc\u012bgs \u0113nojuma aizkars, kas aizsarg\u0101 siltumn\u012bcas augus no p\u0101r\u0101k akt\u012bv\u0101s saules un ir ar\u012b pievilc\u012bgs un dekorat\u012bvs.<br \/>\nAizkari ir viegli uzst\u0101d\u0101mi un viegli no\u0146emami t\u012br\u012b\u0161anai.<\/p>\n<p>Aptum\u0161ojo\u0161ie aizkari ir pieejami \u010detros izm\u0113ros:<\/p>\n<ul>\n<li>130 x 146 cm &#8211; s\u0101nu sienas aizkars, piem\u0113rots liel\u0101kajai da\u013cai Vitavia mode\u013cu<\/li>\n<li>130 x 164 cm &#8211; s\u0101nu sienas aizkars, piem\u0113rots Vitavia un ACD mode\u013ciem ar augst\u0101k\u0101m mal\u0101m<\/li>\n<li>130 x 277 cm \u2014 gar\u0161 aizkars, kas vienlaikus nosedz gan jumtu, gan s\u0101nus. Der liel\u0101kajai da\u013cai Vitavia mode\u013cu. <\/li>\n<li>130 x 328 cm \u2014 gar\u0161 aizkars, kas vienlaikus nosedz gan jumtu, gan s\u0101nus. Piem\u0113rots liel\u0101kajai da\u013cai Vitavia un ACD mode\u013cu ar augst\u0101k\u0101m mal\u0101m. <\/li>\n<\/ul>\n<p>\u0112nu aizkaru komplekt\u0101 ietilpst balts audums, piekaram\u0101 stieple, stieple un aizkaru piekarin\u0101\u0161anas klip\u0161i atkar\u012bb\u0101 no siltumn\u012bcas veida.<\/p>\n","protected":false},"excerpt":{"rendered":"<p>\u0112nas aizkars augu aizsardz\u012bbai siltumn\u012bcas s\u0101nos vai jumta pus\u0113 + s\u0101nos. Pievilc\u012bgs \u0113nojuma aizkars, kas aizsarg\u0101 siltumn\u012bcas augus no p\u0101r\u0101k akt\u012bv\u0101s saules un ir ar\u012b pievilc\u012bgs un dekorat\u012bvs. Aizkari ir viegli uzst\u0101d\u0101mi un viegli no\u0146emami t\u012br\u012b\u0161anai. Aptum\u0161ojo\u0161ie aizkari ir pieejami \u010detros izm\u0113ros: 130 x 146 cm &#8211; s\u0101nu sienas aizkars, piem\u0113rots liel\u0101kajai da\u013cai Vitavia mode\u013cu &#8230; <\/p>\n<p class=\"read-more-container\"><a title=\"Siltumn\u012bcas \u0113nojuma aizkari\" class=\"read-more button\" href=\"https:\/\/vitavia.lv\/kasvuhoone\/toode\/siltumnicas-enojuma-aizkari\/#more-31156\" aria-label=\"Read more about Siltumn\u012bcas \u0113nojuma aizkari\">Read more<\/a><\/p>\n","protected":false},"featured_media":31023,"comment_status":"closed","ping_status":"closed","template":"","meta":[],"product_brand":[],"product_cat":[992],"product_tag":[385,386,2110],"class_list":{"0":"post-31156","1":"product","2":"type-product","3":"status-publish","4":"has-post-thumbnail","6":"product_cat-siltumnicas-aksesuars","7":"product_tag-siltumnica","8":"product_tag-siltumnicas","9":"product_tag-aptumsosanas-aizkars","10":"infinite-scroll-item","11":"no-featured-image-padding","12":"sales-flash-overlay","13":"woocommerce-text-align-left","14":"woocommerce-image-align-center","15":"do-quantity-buttons","17":"first","18":"instock","19":"shipping-taxable","20":"purchasable","21":"product-type-variable"},"_links":{"self":[{"href":"https:\/\/vitavia.lv\/kasvuhoone\/wp-json\/wp\/v2\/product\/31156","targetHints":{"allow":["GET"]}}],"collection":[{"href":"https:\/\/vitavia.lv\/kasvuhoone\/wp-json\/wp\/v2\/product"}],"about":[{"href":"https:\/\/vitavia.lv\/kasvuhoone\/wp-json\/wp\/v2\/types\/product"}],"replies":[{"embeddable":true,"href":"https:\/\/vitavia.lv\/kasvuhoone\/wp-json\/wp\/v2\/comments?post=31156"}],"wp:featuredmedia":[{"embeddable":true,"href":"https:\/\/vitavia.lv\/kasvuhoone\/wp-json\/wp\/v2\/media\/31023"}],"wp:attachment":[{"href":"https:\/\/vitavia.lv\/kasvuhoone\/wp-json\/wp\/v2\/media?parent=31156"}],"wp:term":[{"taxonomy":"product_brand","embeddable":true,"href":"https:\/\/vitavia.lv\/kasvuhoone\/wp-json\/wp\/v2\/product_brand?post=31156"},{"taxonomy":"product_cat","embeddable":true,"href":"https:\/\/vitavia.lv\/kasvuhoone\/wp-json\/wp\/v2\/product_cat?post=31156"},{"taxonomy":"product_tag","embeddable":true,"href":"https:\/\/vitavia.lv\/kasvuhoone\/wp-json\/wp\/v2\/product_tag?post=31156"}],"curies":[{"name":"wp","href":"https:\/\/api.w.org\/{rel}","templated":true}]}}